{"id":263,"date":"2025-10-22T18:27:51","date_gmt":"2025-10-22T16:27:51","guid":{"rendered":"https:\/\/refugeverticalcafchalons.com\/?page_id=263"},"modified":"2026-01-15T13:24:27","modified_gmt":"2026-01-15T12:24:27","slug":"sortie","status":"publish","type":"page","link":"https:\/\/refugeverticalcafchalons.com\/index.php\/sortie\/","title":{"rendered":"Sortie"},"content":{"rendered":"\n<p>Le CAF Ch\u00e2lons organise r\u00e9guli\u00e8rement des sorties randonn\u00e9e, escalade, trail &#8230;<br>Celles-ci sont ouverte \u00e0 tous les adh\u00e9rents majeurs. Lorsque les sorties seront ouvertes aux mineurs, cela sera pr\u00e9cis\u00e9 dans l&rsquo;annonce de la sortie.<\/p>\n\n\n\n<p>Vous trouverez le programme des diff\u00e9rentes sorties dans l&rsquo;onglet <a href=\"https:\/\/refugeverticalcafchalons.com\/index.php\/nos-actus\/event-directory\/\">Nos actus\/Agenda<\/a>.<\/p>\n\n\n\n<p><\/p>\n","protected":false},"excerpt":{"rendered":"<p>Le CAF Ch\u00e2lons organise r\u00e9guli\u00e8rement des sorties randonn\u00e9e, escalade, trail &#8230;Celles-ci sont ouverte \u00e0 tous les adh\u00e9rents majeurs. Lorsque les sorties seront ouvertes aux mineurs, cela sera pr\u00e9cis\u00e9 dans l&rsquo;annonce de la sortie. Vous trouverez le programme des diff\u00e9rentes sorties dans l&rsquo;onglet Nos actus\/Agenda.<\/p>\n","protected":false},"author":3,"featured_media":0,"parent":0,"menu_order":2,"comment_status":"closed","ping_status":"closed","template":"","meta":{"footnotes":""},"class_list":["post-263","page","type-page","status-publish","hentry"],"_links":{"self":[{"href":"https:\/\/refugeverticalcafchalons.com\/index.php\/wp-json\/wp\/v2\/pages\/263","targetHints":{"allow":["GET"]}}],"collection":[{"href":"https:\/\/refugeverticalcafchalons.com\/index.php\/wp-json\/wp\/v2\/pages"}],"about":[{"href":"https:\/\/refugeverticalcafchalons.com\/index.php\/wp-json\/wp\/v2\/types\/page"}],"author":[{"embeddable":true,"href":"https:\/\/refugeverticalcafchalons.com\/index.php\/wp-json\/wp\/v2\/users\/3"}],"replies":[{"embeddable":true,"href":"https:\/\/refugeverticalcafchalons.com\/index.php\/wp-json\/wp\/v2\/comments?post=263"}],"version-history":[{"count":1,"href":"https:\/\/refugeverticalcafchalons.com\/index.php\/wp-json\/wp\/v2\/pages\/263\/revisions"}],"predecessor-version":[{"id":264,"href":"https:\/\/refugeverticalcafchalons.com\/index.php\/wp-json\/wp\/v2\/pages\/263\/revisions\/264"}],"wp:attachment":[{"href":"https:\/\/refugeverticalcafchalons.com\/index.php\/wp-json\/wp\/v2\/media?parent=263"}],"curies":[{"name":"wp","href":"https:\/\/api.w.org\/{rel}","templated":true}]}}